-11, 0 = 5*q + z - 56. Let d be q/(-2) - (4 + -7). Calculate the remainder when 85 is divided by (-45)/(d + (-2 - -4)).
40
Let x be (-36)/198 - 4712/(-22). What is the remainder when (2 - x/4)/((-4)/16) is divided by 13?
11
Let p = -4445 - -4501. What is the remainder when 399 is divided by p?
7
Let g be 12 - (6 - 10 - -1). Suppose -a + g + 5 = o, -4*a = -2*o + 28. What is the remainder when 377 is divided by o?
17
Suppose 3*z - 22 = -4*s, -2*z - 13*s + 11*s + 16 = 0. Suppose z*u = 57*u - 799. What is the remainder when 49 is divided by u?
15
Suppose -2*p + 5*t = -327, 357*p + 448 = 360*p + t. Calculate the remainder when 7398 is divided by p.
150
Suppose 5*m + 2*a - 2760 = 0, -3*m + 5*a + 775 = -850. Suppose -m = -4*z - 2*n, -4*z + n = -4*n - 557. Calculate the remainder when z is divided by 28.
26
Let n(z) = z**3 - 12*z**2 + 11*z + 15. Let w be 8/(-12) + 105/9. Suppose -207*h + 567 = -144*h. What is the remainder when n(w) is divided by h?
6
Calculate the remainder when 237 is divided by 67 + 1 + -1 + (-18)/(-108)*18.
27
What is the remainder when 159 - (0 - -1)/1 is divided by 4/(360/210)*12?
18
Let g be 128/(-64) + (-11)/(-1). Suppose -5*q + 117 - 27 = 0. Suppose 12*j - g*j - q = 0. Calculate the remainder when 21 is divided by j.
3
Let p(g) = g**3 - 6*g**2 + 13*g + 53. Let n = -118 - -126. Calculate the remainder when p(n) is divided by 36.
33
Suppose -5*q + 85 = -0*q. Suppose 94*j - 7179 = -2009. Suppose j = q*c - 16*c. Calculate the remainder when c is divided by 22.
11
Let c be 1/3*(-36)/(-1). Suppose 0 = 3*k - 0*k - 6. Suppose -m - 11 = 4*o - 43, 5*o = k*m - c. What is the remainder when 109 is divided by m?
13
Let v(u) = -6*u + 26. Let m be v(3). Suppose m*d - 4*d - 840 = -2*n, -428 = -2*d + n. Calculate the remainder when d is divided by 67.
11
Let i = -18344 - -20986. What is the remainder when i is divided by 265?
257
Suppose 10674 = 10*t - 1406. Suppose -2*f = -10*f + t. Calculate the remainder when f is divided by 32.
23
Let q = 30 - 26. Suppose 4*d - 3*i = -15 + 238, q*i - 302 = -5*d. Calculate the remainder when 170 is divided by d.
54
Suppose 2*o + 0 - 2 = 0. Suppose 33 = -8*j + 41. Let f(v) = 11*v - 6. Calculate the remainder when f(j) is divided by o.
0
Let r(f) = -18*f**2 + 466*f + 58. Calculate the remainder when 24 is divided by r(26).
0
Let v = 114 - 31. Let f(j) = -j**3 - 57*j**2 + j + 74. What is the remainder when v is divided by f(-57)?
15
Calculate the remainder when 7215/4*(-174)/(-435)*2 is divided by 86.
67
Let h = -177 + 177. Suppose -5*p - 352 + 417 = h. What is the remainder when 51 is divided by p?
12
Suppose -465*p + 168 = -437*p. Calculate the remainder when 116 is divided by p.
2
Suppose 4 = 218*u - 205*u - 217. What is the remainder when 177 is divided by u?
7
Let l = -10111 + 10938. Calculate the remainder when l is divided by 206.
3
Suppose -866 = 92*z - 197*z + 3859. Suppose -6*r + 3*r - 2*i + 48 = 0, -5*r + 2*i + 96 = 0. What is the remainder when z is divided by r?
9
Suppose -3*n = -8 + 14. Let o(v) = -5*v**3 + 2*v**2 + 4*v - 1. Let m be o(n). Let j = m + -29. What is the remainder when 28 is divided by j?
8
Suppose 5*y = 7*y - 7*y. Suppose 4*n = 3*u - 0*n - 257, 5*u + 3*n - 467 = y. Calculate the remainder when u is divided by 46.
45
Suppose 3*r - g - 455 = 0, 2*r - 353 = -4*g - 31. Calculate the remainder when 1370 is divided by r.
146
Let i be 172/(-129)*(-6)/2. Calculate the remainder when 80 is divided by (-7614)/(-108) - (-2)/i.
9
Suppose u = 3*j - 41, -5*u = -9*j + 4*j + 55. Suppose -b = -y - j, b + 9 = -3*y + 32. Suppose 17 = 4*p - 11. Calculate the remainder when b is divided by p.
3
Let v(c) = c**2 + 21*c + 242. What is the remainder when 824 is divided by v(-16)?
14
Let m be 1 + (-15 - -18)*(19 + -1). Let q = m + -8. What is the remainder when 83 is divided by q?
36
Let j be (2 + -3)/(-5 + (-870)/(-175)). Let n = j - 0. Suppose 17 - 5 = w. Calculate the remainder when n is divided by w.
11
Suppose 5*g + 3*y = 1533, -g + 317 = -y - y. Calculate the remainder when 1184 is divided by g.
257
What is the remainder when (-6)/(-8)*(-31 - -35) + -3 + 955 is divided by 33?
31
Let m be 2/(-3) + 278/3. Let t = m - -8. Suppose -497018*i = -497068*i + 1700. Calculate the remainder when t is divided by i.
32
Let v = -1376 - -1465. What is the remainder when v is divided by 13?
11
Suppose 7*n + 16*n - 943 = 0. Calculate the remainder when 762 is divided by n.
24
Let t(n) = n**2 + 1602*n - 8026. Let u(v) be the second derivative of 17*v**5/10 + v**3/6 + 3*v. Calculate the remainder when u(1) is divided by t(5).
8
Calculate the remainder when ((542/(-5))/(-1))/(((-48)/160)/(-3)) is divided by 271.
0
Let h = -203 + 269. Let k = h - -24. Calculate the remainder when 112 is divided by k.
22
Let s = 96 + -32. Calculate the remainder when (2 - -2)*39/104*126 is divided by s.
61
Let q = -3136 + 3260. What is the remainder when q is divided by 63?
61
Suppose 38*t - 2108 = 2*t + 1240. What is the remainder when t is divided by 12?
9
Calculate the remainder when 645 is divided by 164/10 + (-28)/70.
5
Suppose 2*g + 575*z = 570*z + 48, -4*g + 68 = -4*z. Suppose -4*a + 28 = -28. Let i = a + g. Calculate the remainder when i is divided by 17.
16
Let s(i) = -13*i - 50. Let y be s(-16). Suppose -595 = -3*r - 4*c, 2*c - 435 = -3*r + y. Calculate the remainder when r is divided by 40.
37
Let f = 262 - 260. What is the remainder when (3 - -55) + 12/f is divided by 33?
31
Suppose -64*l = 38*l - 64230 - 481266. Calculate the remainder when l is divided by 24.
20
Let g(t) = 5*t**2 + 24*t + 101. What is the remainder when g(-5) is divided by 70?
36
Suppose 0 = 16*i + 92 - 2172. What is the remainder when i is divided by 59?
12
Suppose -u + u = -2*u. Suppose -9*k + 290 + 52 = u. What is the remainder when 871 is divided by k?
35
Let t(z) = -z**3 - 4*z**2 - 4*z - 7. Suppose 27 = -5*s + 2. Calculate the remainder when 226 is divided by t(s).
36
Let g be -31 + 2 - (0 + 0). Let q be 6/18*3 - (g - 0). Suppose j + 121 = 4*o, -5*o - 4*j - q = -176. What is the remainder when 57 is divided by o?
27
Suppose 0 = -4*d - 2*i + 1184, 4*i + 602 = -3*d + 5*d. Suppose -7*o - 4*o = -d. Calculate the remainder when 86 is divided by o.
5
Suppose -5*w + i = -78, -2*w - 5*i = -3*i - 24. Let x(y) = 6 + 31*y + 8 + w + y**2 - 31. What is the remainder when x(-32) is divided by 8?
6
Let z(h) = -33*h**3 - 4*h**2 + 0*h + 35*h**3 + 3*h - 3 + 2*h. Let n be 6 - 6 - (0 - 3). What is the remainder when z(n) is divided by 8?
6
Suppose -m = -0*l - l - 4, l + 5*m = 2. Let k = 14 - l. Calculate the remainder when (-58)/((-4)/2 + 0) is divided by k.
12
Let c(z) = -z**3 + 8*z**2 - 4*z - 6. Let w = -8 + 14. Let b = -30895 + 31062. What is the remainder when b is divided by c(w)?
41
Suppose -17 - 16 = -11*i. Suppose -i*v + w = -77, 3*w = 5*v + 8*w - 95. What is the remainder when 68 is divided by v?
20
Let o = -29696 + 34495. Calculate the remainder when o is divided by 98.
95
Let w(m) = 3*m**2 + 198 + 2*m - 4*m**2 - 193. Calculate the remainder when (-380)/(-16) + (-3)/4 is divided by w(0).
3
Let m(k) = 3*k**2 - 10*k + 41. Let r be m(13). Let x = r + -370. What is the remainder when x is divided by 4?
0
Let c(u) = -28*u - 104. Let m(s) = 32*s + 104. Let o(y) = -7*c(y) - 6*m(y). What is the remainder when 29 is divided by o(-22)?
13
Let h be ((-70)/(-20) + -3)*34. Let a(d) = -d + 15. Let r(y) = 1. Let b(l) = -2*a(l) + 2*r(l). Calculate the remainder when 41 is divided by b(h).
5
Calculate the remainder when 2 + 380 - (-1 - -5) is divided by 123.
9
Let y = -24 + 26. Suppose -3*i + 2*n + 16 = 0, 2*i + 2*n = i. Suppose q - 20 = -y*j, 5*q - i*j = -19 + 49. Calculate the remainder when 28 is divided by q.
8
Suppose 199 = 2*v - 0*v + j, -5*j = 4*v - 395. Suppose 2*x = -5*w + v, -2*w = -4*x - x - 40. What is the remainder when w is divided by 6?
2
Suppose -a = 15 - 27. Let i be (14/4)/(a/(-24)). Calculate the remainder when 65 is divided by (-2)/i - (3 + 720/(-28)).
19
Suppose -37*m - 47*m = -32*m - 22932. Calculate the remainder when 2209 is divided by m.
4
Let l(g) = -35*g + 83. Let c be l(2). Calculate the remainder when (-12 + c)/((-4)/(-2392)*1) is divided by 60.
58
What is the remainder when 233 is divided by ((-176)/40 - -9 - 3)*10?
9
Suppose 10231*b - 216 = 102